
57
0 + -10 + (-8 + -22 - (-28 + (-30 - -47)))
-29
What is the value of (-68 - -124) + -98 - 26?
-68
Calculate (-148 - 7) + -197 + 250 + (-6 - -1).
-107
Evaluate 35 + -18 + 5 - (61 - 3).
-36
What is (-5 - -5) + 10 - ((-6 - (-2 + 6)) + -2)?
22
Calculate 0 - 1 - (28 - 34 - -12) - (1 - -10).
-18
What is the value of -1774 + 1870 - (-3 - (-4 - -22))?
117
71 - (75 - -50 - 179)
125
(-179 - -197 - (15 - 1)) + 5 + 65
74
Calculate -166 + 151 - (60 - 1) - (-3 - 3) - -8.
-60
Calculate -26 + (33 - -45) + -46.
6
What is the value of 53 - (-42 - -42) - 97?
-44
95 - 86 - (-2 + (-15 - -48))
-22
What is 232 + 61 - 283 - ((-1 - 0) + -6 + 113)?
-96
What is the value of 8 + 3 + (-16 - (-8 - 19) - 70)?
-48
Calculate 37 - (-13 - (23 - 49 - 150)).
-126
Calculate 48 + -38 + 40 + -39.
11
-42 + 2 + (-1 + -8 - (1 + 0 + -6))
-44
Evaluate -11 - (3 - 7 - 9 - (27 + -8)).
21
Calculate 4 + 62 + -24 - -5.
47
421 + (-1214 - -787) + 1 + (1 - (-1 - -106))
-109
Calculate (78 - 60) + -25 + 2 + 18.
13
-156 + 125 + 26 + (-4 - (3 - 6 - -1))
-7
Calculate -72 + -11 + 2 + -14 + 14 + 8 + -10.
-83
Calculate -4 + 6 + -3 + -67 + (49 - 18) + 34.
-3
36 + 27 + -15 - 94
-46
(8 - 1) + (21 + -14 + 11 + -14 - 67)
-56
What is (27 - (-1 + 3)) + 28 + 3 + -28?
28
(-123 - (0 + 3) - (329 + -311)) + 17
-127
What is -19 + (56 - 8) - 24 - (1 + -2 - 139)?
145
What is 392 - 436 - (0 + 2 + 13)?
-59
-85 + (81 - -111) + -151
-44
(-618 - -687) + 0 + -8 - 17
44
Calculate (-89 - -58) + (43 - -2) + -16.
-2
Calculate -46 + (9 - ((22 + -5 - 15) + (2 - 3))).
-38
Calculate 85 + (-6 - (-27 + 16 + -5 - 8)).
103
What is 3 - 1 - (-13 - ((-41 - -7) + 11)) - -35?
27
Calculate -23 + 4 + -6 + 16 + -1 + -27 + -1.
-38
(1217 - 1054) + -114 + -1
48
What is (-8 - 9 - 26 - -3) + 6 + -9?
-43
-15 + 8 + (-13 - (12 - 27 - 15))
10
Calculate (-5 - -20) + 16 + -12 + 14.
33
Calculate (44 - 68) + 37 - -43.
56
Calculate 3 - (-103 + (-1527 - -1532 - (10 - (2 - 2)))).
111
Evaluate 18 + -5 - (11 + -10 + 10) - (-55 - 1).
58
(52 - 8) + -10 + 11 + (-3 - 4)
38
Calculate -1 - -15 - (44 + -41) - (30 - (13 + 23)).
17
7 + ((11 - 27) + 14 - -13) - -3
21
What is 35 - ((3 - -87) + (-528 - -513))?
-40
10 - ((17 + 21 - 45) + -10)
27
Calculate -478 + 497 - (11 - 1) - -18.
27
Evaluate (13 + -22 - 45) + 43.
-11
What is the value of (-13 - 1) + (9 + 5 + -6 - 2)?
-8
What is (-30 - (-23 + 2 + 85)) + 11?
-83
Evaluate 23 + (1 - -22) - 35.
11
Evaluate -21 + -4 + (2 - 50) - -15.
-58
-2 - (-5 + 8 + 13 + -10)
-8
(-25 - (44 - 16)) + (1 - -2) - -6
-44
What is (71 - (108 - 15)) + 63?
41
What is the value of (5 - 0) + (-3 - (-2 - 4)) + 391 + -281?
118
Calculate (9 - -4 - -16 - 11) + -51 - -18.
-15
Calculate -393 + 350 + -2 + -92 - -32.
-105
-4 + -51 + -19 + 39 + -29
-64
What is the value of 18 + -1 + (1 - 1) - (-69948 - -69950)?
15
15 + -52 + (-47 - -17) + -29
-96
(3 - (83 - -2)) + (206 - 118) + -106
-100
Evaluate -4 + (-219 - -248 - (2 + 12)) + -38.
-27
What is the value of 0 - -15 - (211 + -27 - 202)?
33
What is -5 - (17 + -67 + (-10 - -29))?
26
What is the value of -19 - (-29 - 7) - 61?
-44
What is (-13 - (3 - 1)) + 368 + -309 + -10?
34
What is the value of 14 + -101 + 16 + 79?
8
21 + (30 + -19 - 30)
2
What is (-16 - -8 - (-4 + 8 + -40)) + -1?
27
What is the value of 45 - (-70 + 29 + -5) - (-4 + 1 + -2)?
96
What is the value of 12 + (-12 - (-13 + -10)) + -8 + 37?
52
What is the value of -9 + (-48 - -128) + (3 - (0 + 8))?
66
Evaluate 13 - (-101 - -96 - ((-3 - -4) + 0)).
19
Evaluate -11 + 0 + 0 + (-7 - -3) + -2.
-17
What is the value of -4 + 7 - (2 - 67 - (6 + 0 + -2))?
72
Evaluate 35 + 44 + -74 - 54.
-49
Calculate 0 - 9 - (-127 + -30 - -35).
113
Evaluate 1 + -1 + -7 - (-115 - (-202 + 55)).
-39
Evaluate -29 + 61 - (0 - -1) - 112.
-81
Calculate 3 - (-28 + 3) - -9.
37
What is 17 + (-108 - -96 - (-8 - -1)) + 1?
13
8 + (18 - (-23 + 50 - 0))
-1
-15 + (11 - -11) + -21 + -3 + 14
-3
(-7 - (-14 - (5 - 10))) + (-5 + 15 - 69)
-57
Evaluate (11 - -13 - 2) + (-144 - -80).
-42
What is -18 + 1 + -65 + (51 - -21)?
-10
What is the value of 27 + -84 + -9 - -29 - -45?
8
Calculate 110 + (-42 - (0 + 4)).
64
Evaluate -26 + 85 + -20 + -4 + -142.
-107
Evaluate (0 - -4 - (5 - 6)) + (8 - (-10 + 0)).
23
(228 - 116 - 45) + -113
-46
What is the value of (-10 - -3 - (-6 + 5 - 10)) + 11 + 14?
29
1 + -5 - ((64 - 74) + -50 + (-8 - -4))
60
Calculate 17 + ((12 - 36) + -12 - -18).
-1
Calculate 13 - 3 - (49 + -23) - -51.
35
What is (-41 + (-23 - -78) - (10 + 0)) + -9?
-5
Evaluate 2 + 17 - (-10 - (7 + 6 + -22)).
20
2 - 123 - (3653 - 3681)
-93
29 + (-97 + 55 - -36)
23
Calculate -8 + 0 - (-14 - -25 - (49 + 1 + -1)).
30
Calculate (-11 - (-41 + 24 + 13)) + -73.
-80
(5 - 68 - -17) + 31 + -61
-76
What is the value of (-14 - -43 - -19) + 35 - (3 - -1)?
79
What is (218 - 76) + -61 + (-4 - (-4 + 2)) + -7?
72
(-7 - -8 - (90 - 108)) + -92
-73
Evaluate -36 + -9 + 13 - (1 - 180).
147
Calculate -6 + -10 + 20 - (1 + (-8 - 0)).
11
What is the value of 79 + (-50 + (89 - 14) - -11)?
115
Evaluate 25 - (-9 + (71 - -23)).
-60
What is 15 + 2 + -15 + 45 + -2 + 1 + -1?
45
Calculate 0 - -12 - (-11 - (-3 + 9 + 0)).
29
What is 230 - 135 - 224 - -236?
107
Evaluate 100 + 2 - (4755 - 4633).
-20
What is 27 + (11 - (27 + (-2 - 4))) - -12?
29
What is (3 - -1) + 1 + 14 + -5 + -5 + -35?
-26
Calculate -44 + 11 + 39 + (0 - 21) - -44.
29
What is 16 - ((-8 - -11) + -39 - (3 + -3))?
52
What is -59 - 5 - (-415 - -412)?
-61
Evaluate -115 + 121 - (-6 - 4) - 20.
-4
What is 8 + -6 + 5 - (-11 - 1) - (-1 + -9)?
29
43 + (-50 - -61) + (-18 - -3) + 17
56
Calculate (-38 + 9 - -6) + 2 - -36.
15
(14 + -23 - -8) + -7 - -9 - (36 - 1)
-34
Evaluate 1952 + -1826 - (105 - -3).
18
Calculate (10 - -8) + 20 + 9 + -53.
-6
Evaluate 12 + (7 + -4 - 13) + (-62 - -7).
-53
Calculate -36 + 1 + (-50 - (7 + -13 - 61)).
-18
140 - (111 - -8) - 104
-83
14 + (-17 - (4 - (6 - 57))) + -6
-64
Calculate -11 - (-147 + (121 - -84)).
-69
Evaluate 2 + 28 - (10 + (3 - -13) + (-23 - 0)).
27
Evaluate (1 - (-2 - -1)) + (3 + -15 - (4 + 13)).
-27
Calculate 17 + -17 + (-42 - (9 - 4 - 12)).
-35
(-10 - 1) + -6 + (40 - (-16 - -30)) + -20
-11
Calculate (-112 - -109) + (6 + 6 + -4 + -5 - -1).
1
Evaluate -62 + -2 + (-29 - -61) + (-34 - -14).
-52
Calculate 11 - (46 - (4 + 41) - (-1 + -50)).
-41
What is the value of (0 - -4) + (-28 + 29 - 54) + -8 + 2?
-55
-9 - 1 - (-67 + 119 - (-108 + 54))
-116
What is the value of (11 - -2) + (-26 - (-23 - (-28 - -26)))?
8
What is 15 - ((-17 - -11) + (-5 + 12 - 5 - -3))?
16
What is the value of -2595 - -2612 - ((0 - 11) + 0 + -2)?
30
Calculate (0 - 14) + 49 + -12 + (-10 - -12).
25
Calculate -11751 + 11768 + -9 + 0 + -2.
6
Calculate -1 + (42 + 27 - 13).
55
Evaluate -30 + (8 + 7 - -2) + -2 + (16 - -1).
2
Calculate (-100 - -173 - ((2 - 1) + -3)) + -6.
69
Evaluate 2522 - 2495 - (92 + 0).
-65
What is (8 - -1) + -38 + -76 + 44 - -14?
-47
Calculate 148 - (121 - (-63 - -103)).
67
(-2 - (0 - -17)) + 35
16
What is 2 + -44 + 12 + 73 - (15 + -1)?
29
Calculate (-6 + -3 + 14 - (16 - 1)) + 4 + -12.
-18
Evaluate -90 + 63 + -11 + -38.
-76
What is (-15 - (-39 - (-3 + -19))) + -65 + -5?
-68
What is 4 + 3 - (-28 + (12 - -62))?
-39
Calculate 47 + -26 + 1 + -85.
-63
What is the value of -8 + 5 + (-25 + 5 - -10 - -64)?
51
(346 - 350) + (-9 - 0) + -88 - -20
-81
11 - (-11 - ((-171 - -155) + 23 + -2))
27
Evaluate -70 - 1 - (-66 + -80 - -117).
-42
94 - (-82 + 73 + (5 - -7))
91
What is the value of 157 + -199 + -1 + 40?
-3
What is the value of -31 + (-3 + 9 - 1 - 9 - -8)?
-27
What is the value of (-2 - 18) + 10 + -25 + -2 + 16?
-21
Calculate -24 - (-20 + -2 + -516 + 441).
73
Calculate -418 + 336 + (40 + -16 - (2 - 1)).
-59
What is (10 - (53 + -12)) + (0 - (-5 + -5))?
-21
What is 34 - 10 - (24 - (18 + -14))?
4
Calculate 0 + 5 + -4 - (-15 + (-22 - -83)).
-45
Evaluate (84 + -23 - 22) + 13.
52
Calculate -1 + -34 - (20813 + -20915).
67
Calculate (-17 + 3 - 19) + 30.
-3
Evaluate 3 + (-16 + 6 - (31 - 14)) + 17.
-7
Calculate -20 + -11 + 2 - (13 + -114).
72
0 + -27 - (41 + (-29 - -2) + (1 - 17))
-25
What is (1 - (-2 + 20)) + (-49 - -3 - -50)?
-13
Calculate 31 + -42 + (-38 - -39) + -114.
-124
-146 - (-139 + -30 + 10)
13
21 + (3 - -2) + -2 + 6 + (10 - 13)
27
Calculate (-197 - -30) + 109 - -105.
47
51 + 25 + -88 + 21
9
Evaluate -43 + -38 + 33 + 41.
-7
(-2 - (-1 + 30)) + 3 - -3 - (-2234 + 2240)
-31
Evaluate 2